te the greatest common divisor of 15 and m.
3
Suppose d + j = 84, -2*d - 2*j + 328 = 2*d. Suppose -4*h + d - 9 = 5*s, 3*s - 2*h = 25. Suppose 3*f - 88 = -f. Calculate the highest common factor of f and s.
11
Let h(x) = 81*x - 44*x - 39*x + 8. Let s be h(-6). Calculate the greatest common factor of s and 80.
20
Let m = 223 - 215. Calculate the highest common factor of 40 and m.
8
Let m be (-16)/24*3/(-2). Suppose -2*n + m + 9 = 0. Suppose 0*v + n*j + 4 = v, 5*j = 4*v - 31. Calculate the highest common divisor of 3 and v.
3
Let f be -4 - 8*(-2 - -1). Suppose 2 + 8 = 2*k, 4*v + f*k - 404 = 0. Calculate the greatest common factor of 12 and v.
12
Let h be (-1446)/(-18) + 5/(-15). What is the greatest common factor of h and 48?
16
Let h(s) = 2*s - 25. Let d be h(-20). Let g = d + 79. Calculate the highest common divisor of 2 and g.
2
Let j = 53 - 48. Suppose -146 = -j*m + 179. What is the greatest common factor of m and 26?
13
Suppose -2*p + 6 + 4 = 0, -2*g + 211 = 3*p. Let v = g + -56. What is the highest common factor of 6 and v?
6
Suppose 3*x = 5*x + u + 31, 3*x + 3*u + 39 = 0. Let f be x/4*224/(-48). Calculate the highest common factor of f and 126.
21
Let v = -1717 - -3381. What is the highest common factor of 16 and v?
16
Let u(b) = 2*b - 33. Let x be u(8). Let n be -2 + (0 - 0) - x. What is the highest common factor of n and 60?
15
Let t(k) = -2*k + 44. Let c be t(16). Suppose -4*a = w - a - 6, c = 2*w - 5*a. Calculate the greatest common divisor of w and 8.
2
Let j(m) = -4*m + 192. Let f be j(29). Calculate the greatest common factor of 19 and f.
19
Let o be (-6)/(-21) - (-390)/7. Suppose -10 = 5*f - 0*f. Let g be (3 - f)*(-28)/(-10). Calculate the highest common factor of g and o.
14
Suppose g - 5 = 6. Calculate the greatest common factor of g and 44.
11
Suppose 27 = r - 3*c, -c = 2*r + 3*c - 44. What is the greatest common divisor of r and 108?
12
Suppose -2*b + 3 + 3 = 0. Let o be 0 + 0 + 3 + -3. Suppose -f - 5*w + 17 = -0*f, -4*f + w + 47 = o. What is the greatest common factor of b and f?
3
Suppose -3*l + 2 = -7. Suppose l*p = 4*p - 9. Calculate the greatest common divisor of 6 and p.
3
Suppose -51 + 108 = 3*z. What is the greatest common divisor of z and 2?
1
Let k(z) = -9*z - 102. Let w be k(-15). Calculate the greatest common divisor of 33 and w.
33
Suppose s + 30 = -5*p, -4 = -4*p - 8. Let t be (-2)/(-2)*s/(-10)*6. What is the highest common factor of t and 3?
3
Let j(f) = 14*f + 1. Let w be j(4). Suppose -5*z = -9 - 371. Suppose 2*y - 6*y = -z. Calculate the greatest common divisor of w and y.
19
Let z = 0 + 5. Let h be (-1 - 1)/((-1)/2). Suppose h*j - m = 85, 4*j - z*j - m = -20. Calculate the highest common factor of 7 and j.
7
Let i = -48 - -63. What is the highest common factor of 15 and i?
15
Let x = -23 - -24. Let s be 9 + -13 - -9*x. Calculate the greatest common divisor of s and 45.
5
Let m(y) = -y**2 + 17*y + 132. Let c be m(22). Calculate the greatest common factor of c and 22.
22
Let j = -533 - -379. Let d be j/33*(-3)/2. Let s(z) = z + 7. Let r be s(d). Calculate the highest common divisor of 56 and r.
14
Let i be 1 + -9 - 76/(-1). Calculate the highest common divisor of 153 and i.
17
Suppose -2*h - h - 123 = -3*b, 0 = 3*b + 2*h - 128. Calculate the greatest common factor of 378 and b.
42
Suppose 39*y + 223 - 964 = 0. Calculate the greatest common divisor of y and 1900.
19
Let h = 73 - 24. Calculate the highest common factor of h and 343.
49
Let i = 142 - 86. Calculate the highest common divisor of i and 32.
8
Let y(f) = f**3 - 2*f**2 + 2*f. Let m be y(2). Let r(l) = l**2 + 2*l + 9. Let o be r(9). Suppose -h - o = -m*h. What is the highest common divisor of 9 and h?
9
Let x = -1431 - -1495. Let n be 66/8 + 3/(-12). Calculate the highest common divisor of n and x.
8
Let f(n) = n**3 - 12*n**2 + 14*n - 4. Let t be f(11). Let m be 10/(-6)*(-4)/(-5)*-174. What is the greatest common divisor of m and t?
29
Let o = -8 - -18. Let m(q) = 64*q - 24. Let j be m(1). What is the greatest common factor of o and j?
10
Let l(p) = -16*p**2 + p + 1. Let b be l(3). Let n be (6/7)/(2/b*-2). What is the highest common factor of 30 and n?
30
Let d be ((0 - 10) + 2)*(-3)/4. Calculate the greatest common factor of 102 and d.
6
Suppose 5*q - 76 = h, 190 = -3*h - 0*q - 4*q. Let s be (h/36)/11 - (-50)/12. What is the greatest common divisor of 4 and s?
4
Suppose -2*g = -4*r - 0*g + 362, -2*r - 5*g = -175. Suppose 7*y = 258 - r. What is the greatest common divisor of y and 4?
4
Suppose y - 80 = -4*y. Suppose -295 = 3*i - 2*g + 37, 4*i = 2*g - 446. Let t = i + 162. Calculate the highest common divisor of y and t.
16
Let y be (-1)/(-3)*(54 - 12). Let u be (-18)/((-9)/3)*-2. Let t be u/42 + 100/7. What is the highest common divisor of t and y?
14
Let o(w) = w**2 + 10. Let z be o(5). Suppose 0*p + z = p. Let n be (-56)/p*5/(-2). What is the greatest common factor of n and 8?
4
Suppose -17*p - 83*p + 700 = 0. Suppose 4*y - 2 = 2*y. Calculate the greatest common factor of p and y.
1
Let r(t) = 6*t**2 + 4. Let z be r(-2). What is the highest common divisor of 3836 and z?
28
Suppose -4*j + 540 = 4*s - 0*j, -410 = -3*s + 2*j. What is the greatest common divisor of s and 612?
68
Let k = -310 + 436. What is the highest common factor of k and 414?
18
Suppose 15*k - 207 - 333 = 0. Suppose 0 = -5*h + 104 + 76. Calculate the highest common divisor of h and k.
36
Let r be (-54)/(-10) + (-10)/25. Suppose r*w - 2*w = 18. Let v(k) = k**3 - 27*k**2 - 27*k - 4. Let u be v(28). What is the greatest common factor of w and u?
6
Let u(g) = -g**2 - 10*g + 13. Let x be u(-9). Let j be -9 + x - -1*1. Calculate the greatest common factor of j and 28.
14
Suppose 0 = 2*w - 5*y - 53, 4*w + 29 - 126 = y. Let l be (-2 - 2)*(-28)/14. Calculate the highest common factor of w and l.
8
Suppose -56 = -626*o + 624*o. What is the greatest common factor of 700 and o?
28
Let u be (-20)/(-11) + -2 - (-878)/(-11). Let t = u - -119. What is the highest common factor of t and 117?
39
Let h = 13 + 19. Let p = 135 - 111. Calculate the highest common divisor of p and h.
8
Suppose 0*s - 5*l = 2*s - 23, 0 = 4*s + l - 55. Let p be s/21*(-27)/(-2). Let i = -18 + 21. What is the greatest common factor of i and p?
3
Let p be (-36)/(-14) + -3 - 28470/(-182). Calculate the highest common factor of p and 221.
13
Let p be (-846)/(-7) - (-5 - (-82)/14). What is the highest common divisor of 12 and p?
12
Let c be -1 - -4 - (-6)/(-2). Suppose c*k + 25 = 3*p - k, -4*k = 3*p - 50. What is the highest common factor of p and 70?
10
Let r = -23 + 81. Calculate the highest common factor of 522 and r.
58
Let s(a) = 4*a + 33. Suppose -9*w = -6 + 42. Let v be s(w). What is the highest common factor of v and 1?
1
Suppose 2*f = -3*k + 10, -4*k + 1 + 1 = -3*f. Suppose 4*z - z - 239 = l, 3*z - 224 = -k*l. Suppose 42 + z = 3*a. What is the greatest common factor of a and 5?
5
Let x = 6 - -22. Calculate the highest common divisor of 98 and x.
14
Let p be (-1 - (3 + -1))*-7. Suppose -o - 3*a + 37 = -14, 5*a - 225 = -5*o. What is the highest common factor of p and o?
21
Suppose 31*i + 43*i = 148. Let c = 46 + -24. Calculate the greatest common divisor of i and c.
2
Let j = -200 - -1409. Calculate the highest common divisor of 186 and j.
93
Let s(i) = i**3 - 11*i**2 - 3*i + 8. Let j be s(12). What is the highest common factor of 58 and j?
58
Let a(c) = -13*c. Let k be a(-2). Suppose -4*h - n + 20 = -32, 0 = -2*h - n + k. Suppose -26*t - 234 = -32*t. What is the greatest common divisor of t and h?
13
Let z be 2 + 45/(-25) - 2599/(-5). Calculate the highest common divisor of z and 20.
20
Let c be 8/2*220/80. What is the greatest common divisor of c and 44?
11
Let x = 1335 + -1170. Calculate the greatest common divisor of x and 15.
15
Let w(k) be the third derivative of -19*k**4/24 - 5*k**3/3 - 7*k**2. Let n be w(-9). Calculate the highest common factor of n and 23.
23
Let y be 110*(51/14 - (-17)/(-119)). What is the greatest common factor of 77 and y?
77
Suppose -3*u + u = -5*l + 408, 0 = -3*l + 4*u + 256. Calculate the greatest common factor of l and 100.
20
Let z = -27 + 23. Let q be ((-24)/(-33))/z + (-1477)/(-77). What is the greatest common divisor of 152 and q?
19
Let a = -22 - -27. Suppose -58 - 2 = -a*r. Calculate t